. List the prime factors of y.
2, 17
Suppose 0*c = -c - 3*s + 56, -4 = -s. What are the prime factors of c?
2, 11
Suppose -c + 7*c - 144 = 0. Suppose 5*p = 6*p - c. What are the prime factors of p?
2, 3
Let h = 39 - -141. What are the prime factors of h?
2, 3, 5
Suppose 4*u + 2*i - 17 = -i, 5*u = i + 7. Let x be 2 + (12/u - 0). Suppose f = -3*f + x. What are the prime factors of f?
2
List the prime factors of 2*((-12)/(-4))/((-2)/(-27)).
3
Let d(m) = -m**3 - m**2 + m - 2. Let b be d(-2). Suppose -90 = -b*i - 5*i. Suppose -i = -5*r + 22. What are the prime factors of r?
2
Suppose 19 = 4*q - 5*w, 5*q + 12 - 37 = 5*w. Let y = -3 + q. Suppose -67 = -y*h + 5*z, 2*z - z + 75 = 5*h. List the prime factors of h.
2, 7
Let x(u) = -u - 1. Let w = 6 + -9. Let b be ((-12)/9)/(-1)*w. List the prime factors of x(b).
3
Let d = 15 + -9. Let o(j) = 6*j. What are the prime factors of o(d)?
2, 3
Suppose -1479 - 141 = -3*x. What are the prime factors of ((-4)/(-5))/(24/x)?
2, 3
Let h = 6 + -12. Let b = h + 18. Suppose -3*l - 2*x + b = l, 2*x = -l. What are the prime factors of l?
2
Suppose 4 = 4*h + 4*u, 9*u - 4*u + 5 = 0. Suppose -h*r - 5*z = -41, 41 = 5*r + 5*z - 24. List the prime factors of r.
2
Let i(f) be the first derivative of f**4/4 + 5*f**3/3 + f**2/2 - 4*f - 2. Let s be 0 + -3 + 0 + 0. List the prime factors of i(s).
11
Let a be (-34)/3*21/(-7). Suppose -2*d + a = -2. What are the prime factors of (5/(-10))/((-1)/d)?
3
Let v = -16 + 11. What are the prime factors of 3/(-9)*0 - v?
5
Let c = 89 - 61. List the prime factors of c.
2, 7
Let n(w) = -2*w**2 + 2*w + 1. Let f be n(2). Let i = f - -1. What are the prime factors of (i/(-2))/1 + 21?
2, 11
Suppose -4*y = 12, 0*g + 2*y = -5*g + 14. Suppose 5*h = g + 26. What are the prime factors of h?
2, 3
Let f(i) = 14*i**2 + 7*i + 14. What are the prime factors of f(-4)?
2, 3, 5, 7
Suppose -4*d = -1 - 11. Suppose -x - d*x = -44. Suppose -2 + x = t. List the prime factors of t.
3
Let o = -127 - -194. What are the prime factors of o?
67
Let k = -7 - -8. Let l = k + 3. List the prime factors of l.
2
Let p be ((-1)/(-3))/(2/(-6)). What are the prime factors of p/((3/(-39))/1)?
13
Let y = 38 + 14. Suppose 4*d - y = 3*t, -4*d + 5*t + 56 = t. List the prime factors of d.
2, 5
Suppose 2*j - 66 = -2*i, -5*j = -2*i - 0*i - 137. Let p(x) = 6*x**2 - x. Let f be p(1). Suppose -j = -f*g + 16. List the prime factors of g.
3
Let h = -11 - -17. Suppose 0 = -2*q + h + 30. List the prime factors of q.
2, 3
Suppose -6*m = -q - m + 16, 2*q = -2*m + 32. Suppose x = -3*x + 32. Suppose 0 = -3*p + x + q. List the prime factors of p.
2
Let o(h) = -h**2 - 8*h - 2. Let t be o(-7). Suppose 0 = t*i + 28 - 93. List the prime factors of i.
13
Let q(h) be the third derivative of h**6/120 - h**5/12 + h**4/6 - 2*h**3/3 - 3*h**2. List the prime factors of q(5).
2
Let z(u) = -u**2 + 4*u + 3. Let a be z(3). Suppose -h + 0 = -a. What are the prime factors of h?
2, 3
Let o(r) = -11*r - 8 + 0*r**2 - 2 - r**2. What are the prime factors of o(-8)?
2, 7
Let n(l) = l**2 - l - 2. Let c be n(-2). Suppose 17 = v - t + c*t, 4*t = -v + 20. List the prime factors of v.
2
Suppose -12 = 2*p + 4*j, 1 = -5*p - 5*j - 14. Let v be 5/1 + p/1. List the prime factors of 124/10 + (-2)/v.
2, 3
Let q = 30 + 11. List the prime factors of q.
41
What are the prime factors of 3*(-2)/(24/(-260))?
5, 13
Let d(c) = 17*c - 28. What are the prime factors of d(4)?
2, 5
Suppose 0 = s - 4 - 4. Let v = -6 - -11. Suppose v*j + s = 6*j. List the prime factors of j.
2
What are the prime factors of 38 + -8 + (-1 - -5)?
2, 17
Suppose 4*v = 96 + 168. List the prime factors of (-2)/6 - v/(-9).
7
Let y be (14/6)/((-4)/36). Let c = -11 - y. Let f = 21 - c. What are the prime factors of f?
11
Let c = -6 - -8. Suppose -3*w + 127 = c*o, 4*w = -o + 33 + 28. Suppose 5*y - 3*s - o = -2*s, s = 0. What are the prime factors of y?
13
Suppose t - 2782 = -12*t. List the prime factors of t.
2, 107
Let b = -5 + 9. Suppose -b*t = 24 - 196. List the prime factors of t.
43
Let y(i) = -i**3 + i**2 - i + 55. Let t be y(0). Let z be (-4 - -2)/((-2)/t). Suppose 0 = 4*a + a - z. List the prime factors of a.
11
Let f(g) = g**2 + 6*g - 9. Let j = -5 + 7. Suppose -14 - 2 = j*h. What are the prime factors of f(h)?
7
Let n(k) = -k**2 - 8*k - 1. Suppose 5 = -c - 5*o, -4*c + 28 + 32 = 4*o. Suppose -3*r + 4*r + c = -3*g, 5*r + 5*g + 50 = 0. List the prime factors of n(r).
2, 7
Let p(c) = 5*c**3 + c - 1. Let m be p(1). Suppose 0 = m*z - 9 - 6. Suppose 4*n = 5*n - z. List the prime factors of n.
3
Suppose -4*t + 685 = -3*b, t + 4*b - 36 - 121 = 0. What are the prime factors of t?
13
Let y(c) be the second derivative of -2/3*c**4 + 0 + 7/6*c**3 - 13/2*c**2 - 1/20*c**5 + 2*c. What are the prime factors of y(-9)?
5
Suppose -11 + 182 = 5*q + 2*u, u + 162 = 5*q. List the prime factors of q.
3, 11
Let p = -2 + 7. Suppose p*a = -h + 13, -2*h + 4 = 4*a + 2. Let g = h + 13. List the prime factors of g.
2, 3
Let n = -352 - -781. List the prime factors of n.
3, 11, 13
Let y(i) = -3*i**2 - 3*i - 42. Let m(p) = -4*p**2 - 4*p - 41. Let u(a) = 2*m(a) - 3*y(a). List the prime factors of u(0).
2, 11
Let h(g) = 4*g**2 - 2*g + 2. List the prime factors of h(4).
2, 29
Let v(h) = 14*h - 1. Let m be v(1). Let t = -3 + m. What are the prime factors of t?
2, 5
What are the prime factors of ((-68)/(-8))/((-5)/(-70))?
7, 17
Let j(t) = -3*t**2 - t - 1. Let w be j(-1). Let y be (-4)/((-1 - w)/(-1)). Suppose -4*l + l - 5*f + 42 = 0, 0 = -y*f. List the prime factors of l.
2, 7
Let d(s) be the second derivative of s**4/6 - 2*s**3/3 - 2*s**2 + 2*s. What are the prime factors of d(4)?
2, 3
Let r(m) = -m**2 - 9*m + 3. Let l be 2 + -11*(2 + -1). What are the prime factors of r(l)?
3
Suppose 0 = -4*z, -4*k - z = 3*z + 8. Let p be (-10)/(-5) - k*6. Let y = 22 - p. List the prime factors of y.
2
Let n be (2/(-5))/(2/10). List the prime factors of (-11 + 5)*n/3.
2
Let o be (0 + (3 - 2))*0. Suppose -3*d + 9 - 3 = o. What are the prime factors of d?
2
Let g be (3 + 9/1)*1. Suppose g = 3*t - 0*t. Suppose t = o - 0*o. List the prime factors of o.
2
Let v(u) = -4*u**2 + 2*u + 2. Let n(a) = 8*a**2 - 5*a - 5. Let p(x) = -6*n(x) - 15*v(x). List the prime factors of p(-1).
2, 3
Let f(a) = -a**2 + 3*a + 5. Let l be f(-5). Let o = l + 58. Let b = o - 13. What are the prime factors of b?
2, 5
Suppose 15*w + 111 = 18*w. List the prime factors of w.
37
Suppose 18 = -0*o + 2*o. What are the prime factors of o?
3
Let l(u) be the first derivative of u**2/2 + 3*u - 3. What are the prime factors of l(0)?
3
Suppose 3*b = -4*x + 827, 3*b + 821 = 6*x - 2*x. List the prime factors of x.
2, 103
Let u(j) = j**2 - 8*j + 5. Let q be u(6). Let n = -2 - q. Suppose -n*b = -22 - 13. List the prime factors of b.
7
Suppose -4*a - o + 4*o = -36, -2*a + 18 = -5*o. Suppose -a = -4*l + 3. What are the prime factors of l?
3
Suppose 34*m - 32*m - 752 = 0. What are the prime factors of m?
2, 47
Let z = 91 + -42. Let x = z + -33. What are the prime factors of x?
2
What are the prime factors of (-3)/(-9) + (-152)/(-3)?
3, 17
Let t = -5 + 7. Suppose -4*r - 68 = -t*f, -3*f - 3*r = 43 - 145. Suppose f = -0*v + 2*v. What are the prime factors of v?
17
Let q be 18/2 + (-2)/2. Let t = q - 2. List the prime factors of t.
2, 3
Suppose 0 = 5*x - 2*w - 39, x + w + 0*w - 5 = 0. Let i be 20/(-8)*(-4)/(-5). Let z = x + i. List the prime factors of z.
5
Suppose w + 21 = -2. Let n = 63 + w. What are the prime factors of n?
2, 5
Suppose -7*a + 3*a = 8, 726 = 4*d + a. List the prime factors of d.
2, 7, 13
List the prime factors of (6/(-8))/(3/(-504)).
2, 3, 7
Suppose 0*k = -2*k + 2*r + 124, k - 62 = 3*r. Suppose -2*n = 2*d - k, -4*n + 6 = -2*n. List the prime factors of d.
2, 7
Suppose 4*h + h - 90 = 0. Suppose -u - 5*n - h = 0, n + 7 - 2 = 0. List the prime factors of u.
7
Suppose 33 = c - 3*b, -2*c - 7*b + 3*b = -96. List the prime factors of c.
2, 3, 7
List the prime factors of ((-75)/45)/((-2)/66).
5, 11
Let d(c) be the second derivative of -c**4/12 + c**3/6 + 9*c**2/2 + 3*c. What are the prime factors of d(0)?
3
Let t = 38 - -202. List the prime factors of t.
2, 3, 5
Suppose -4*c - 3 = -11. Suppose 0 = -5*w + c*w + 63. What are the prime factors of w?
3, 7
Let l = 64 + -20. Suppose -4*j = y - 250, -6*j - 4*y = -3*